alculate the highest common divisor of 15 and 29172.
3
What is the greatest common divisor of 32736 and 16027?
341
What is the greatest common divisor of 6079763 and 29?
29
What is the greatest common factor of 20 and 40595?
5
Calculate the greatest common divisor of 4938 and 1398.
6
What is the greatest common factor of 143640 and 5490?
90
What is the highest common factor of 142 and 2569774?
142
What is the greatest common factor of 2387 and 60109?
217
Calculate the greatest common divisor of 522 and 25317.
261
Calculate the highest common divisor of 568737 and 117.
117
What is the greatest common factor of 34055 and 417?
139
Calculate the greatest common factor of 69502 and 2546.
38
What is the greatest common divisor of 89272 and 16?
8
Calculate the highest common factor of 758277 and 1872.
117
Calculate the highest common factor of 81 and 79.
1
Calculate the highest common divisor of 26 and 2197247.
13
Calculate the greatest common divisor of 59 and 1296643.
59
Calculate the highest common divisor of 122370 and 1065.
15
Calculate the greatest common divisor of 848 and 268.
4
Calculate the greatest common factor of 140 and 5670.
70
What is the greatest common divisor of 3737 and 62923?
101
Calculate the highest common divisor of 7488 and 672.
96
What is the greatest common factor of 48 and 1240752?
48
Calculate the greatest common factor of 951712 and 160.
32
Calculate the greatest common divisor of 1477 and 1932.
7
What is the highest common divisor of 8 and 60856?
8
Calculate the greatest common factor of 304 and 56392.
152
What is the highest common divisor of 349538 and 14?
14
What is the highest common divisor of 1678 and 239?
1
What is the greatest common divisor of 19740 and 15120?
420
Calculate the greatest common factor of 274250 and 14261.
1097
Calculate the greatest common factor of 76 and 1543028.
76
Calculate the highest common divisor of 175562 and 41.
41
Calculate the highest common factor of 2842 and 1106.
14
What is the highest common divisor of 21440 and 2420?
20
Calculate the greatest common factor of 1246662 and 3.
3
What is the greatest common divisor of 99 and 296802?
99
Calculate the highest common factor of 222 and 25604.
74
What is the highest common divisor of 13157 and 5900?
59
What is the highest common factor of 9 and 7303185?
9
What is the highest common divisor of 152 and 7618696?
152
Calculate the highest common factor of 402324 and 12.
12
Calculate the highest common divisor of 18207 and 14178.
51
Calculate the greatest common factor of 400 and 50825.
25
Calculate the greatest common divisor of 3617514 and 18.
18
Calculate the greatest common factor of 30842 and 728.
14
Calculate the greatest common divisor of 237 and 21.
3
Calculate the greatest common factor of 234 and 42894.
18
What is the greatest common divisor of 135054 and 1080?
54
What is the greatest common divisor of 1313 and 314615?
101
Calculate the greatest common divisor of 92850 and 480.
30
What is the greatest common divisor of 1701838 and 31?
31
Calculate the highest common factor of 52 and 51142.
26
What is the greatest common divisor of 301 and 4173537?
43
What is the greatest common divisor of 6740 and 740?
20
What is the greatest common factor of 1287360 and 990?
90
What is the greatest common factor of 76262 and 34?
34
What is the greatest common factor of 70 and 175658?
14
What is the highest common divisor of 148009 and 283?
283
What is the greatest common divisor of 70752 and 3484?
268
Calculate the highest common divisor of 1037 and 112179.
61
Calculate the greatest common divisor of 510 and 595.
85
What is the highest common divisor of 120 and 108840?
120
Calculate the greatest common divisor of 9860 and 22100.
340
Calculate the highest common divisor of 352820 and 1770.
590
What is the greatest common factor of 747 and 74451?
249
What is the highest common factor of 57 and 3791089?
19
Calculate the highest common factor of 104 and 1744431.
13
Calculate the greatest common factor of 1035 and 59409.
207
What is the highest common factor of 33 and 110703?
3
What is the greatest common factor of 35 and 82964?
7
Calculate the highest common factor of 15 and 13761.
3
What is the greatest common divisor of 411560 and 40?
40
Calculate the highest common factor of 7565 and 2125.
85
What is the greatest common factor of 1053601 and 1267?
181
Calculate the greatest common factor of 1869 and 1029.
21
What is the highest common factor of 21 and 179?
1
Calculate the greatest common factor of 132 and 19652.
4
What is the highest common divisor of 6579 and 765?
153
Calculate the greatest common divisor of 111 and 3145.
37
Calculate the highest common divisor of 140 and 554540.
140
Calculate the greatest common factor of 497460 and 100.
20
Calculate the greatest common factor of 110 and 603830.
10
Calculate the highest common factor of 174 and 185397.
87
What is the highest common divisor of 221034 and 143?
11
Calculate the greatest common factor of 24213 and 651.
21
Calculate the highest common divisor of 8910 and 550.
110
What is the greatest common divisor of 67087 and 73?
73
Calculate the greatest common divisor of 114103 and 1771.
253
Calculate the greatest common factor of 288 and 28926.
18
What is the greatest common factor of 88 and 288838?
22
What is the greatest common divisor of 3 and 146250?
3
What is the highest common divisor of 228 and 390?
6
Calculate the highest common divisor of 374 and 36454.
22
Calculate the greatest common factor of 1955 and 5520.
115
Calculate the highest common divisor of 53774 and 2415.
161
What is the greatest common divisor of 190862 and 8?
2
What is the highest common divisor of 740 and 888370?
370
Calculate the highest common divisor of 399 and 2223.
57
What is the highest common divisor of 1242 and 12987594?
1242
Calculate the highest common factor of 694 and 2516791.
347
Calculate the greatest common divisor of 658 and 428499.
47
What is the greatest common factor of 16006 and 954?
106
What is the highest common factor of 194 and 955547?
97
What is the highest common divisor of 9 and 142803?
9
What is the greatest common divisor of 490553 and 7?
7
Calculate the greatest common divisor of 76146 and 210.
42
Calculate the highest common factor of 2070 and 1710.
90
What is the highest common factor of 36 and 166932?
36
Calculate the greatest common factor of 815 and 17215.
5
What is the highest common factor of 237 and 5699613?
237
What is the greatest common factor of 30783 and 2697?
93
Calculate the greatest common factor of 101241 and 567.
63
What is the greatest common factor of 77 and 273203?
7
What is the greatest common factor of 90 and 492795?
45
What is the highest common factor of 24 and 22371?
3
Calculate the highest common divisor of 4358642 and 174.
58
Calculate the highest common factor of 410984 and 147.
7
What is the highest common factor of 128433 and 372?
93
Calculate the greatest common divisor of 46 and 2436367.
23
Calculate the greatest common divisor of 1732276 and 728.
364
What is the highest common factor of 110192 and 32?
16
Calculate the greatest common factor of 53475 and 1488.
93
What is the greatest common divisor of 19604 and 928?
116
What is the greatest common divisor of 1173 and 5727?
69
Calculate the greatest common factor of 45 and 75528.
9
Calculate the greatest common factor of 260 and 24245.
65
Calculate the greatest common factor of 259248 and 242.
22
Calculate the highest common divisor of 480 and 183072.
96
Calculate the highest common factor of 511 and 4645209.
73
What is the greatest common divisor of 890 and 768070?
890
What is the highest common divisor of 14473 and 1558?
41
What is the greatest common divisor of 11773 and 2257?
61
What is the greatest common divisor of 5688 and 7941870?
1422
Calculate the greatest common factor of 10299 and 6.
3
What is the greatest common factor of 2674955 and 764?
191
Calculate the greatest common divisor of 7579 and 127677.
583
Calculate the greatest common factor of 295936 and 8.
8
Calculate the highest common factor of 34 and 176970.
34
What is the greatest common divisor of 12400 and 17800?
200
Calculate the greatest common factor of 44 and 140701.
11
What is the highest common divisor of 279111 and 168?
21
What is